List the prime factors of l.
5
Suppose 0 = 3*j - 4*b - 295, -5*j + 495 = -b - 4*b. List the prime factors of j.
101
Suppose 0 = 4*g - 2*q - 198, 5*q + 31 = g - 32. List the prime factors of g.
2, 3
Let u be -1 + 0/3 + 38. Suppose 0 = -3*c + 2 + u. List the prime factors of c.
13
Suppose 2*t - 56 = -2*t. Suppose -3*q + 0 + t = 4*j, 4*j - 8 = 0. What are the prime factors of (-3 + 2 - q) + 15?
2, 3
Let l(m) = m. Let t be l(4). Suppose -t*q = -122 + 34. List the prime factors of q.
2, 11
Suppose -5*p + 3*c = -118, -2*p + 112 = 3*p + 3*c. What are the prime factors of p?
23
Let z = 8 - 3. Let g = z - 2. Suppose -36 + g = -3*i. List the prime factors of i.
11
Suppose -5*o - 50 = -4*a, 7*o - 10 = 2*o. Let j be (-15)/(-6)*12/a. What are the prime factors of 9 + j/(6/(-3))?
2
What are the prime factors of 2/7 + 496/28?
2, 3
Suppose 3*f - 11*f = -240. What are the prime factors of f?
2, 3, 5
Let l = 208 + -118. List the prime factors of l.
2, 3, 5
Suppose 6*c - 6 = 3*c. Let i(y) = -y**3 + 3*y**2 - 2. List the prime factors of i(c).
2
Let k(d) = -d**2 - 4*d - 1. Let b be k(-4). Let f be (b - -5)*(-2)/(-8). What are the prime factors of 3/(-4)*f*-4?
3
Let l(o) = 7*o - 3. Let r(h) = 15*h - 6. Let k(x) = 13*l(x) - 6*r(x). Let s be k(-10). Let t = 19 + s. What are the prime factors of t?
2, 3
Let f(n) = -5*n - 1. Let t be f(2). Let y be 24*(2 - -1)/3. Let h = y + t. What are the prime factors of h?
13
Let i(f) = -9*f - 6 - f**2 + f**2 - f**2. Suppose -17*z = -19*z - 12. What are the prime factors of i(z)?
2, 3
Suppose 0 = -3*s + 2*c + 92, -44 = -3*s + 2*s - 2*c. What are the prime factors of s?
2, 17
Let t(g) = g**2 - 1 - 2*g + 0 - g**2 - 4*g**3. Let d be t(-1). Suppose -5*q + 105 = d*r, -5*q + r = -8 - 85. What are the prime factors of q?
19
Let s = 18 + 10. What are the prime factors of s?
2, 7
Let o(y) = -y**3 - 2*y**2 - 4*y - 5. Let s be o(-2). Let j(b) = b**3 - 4*b + 1. List the prime factors of j(s).
2
Let u(w) = 4*w**2 + 8*w - 6. Let g be u(-7). Suppose -5*q = 34 - g. Suppose 5*m = -3*z + q, 5*z = 6*z - m - 12. What are the prime factors of z?
2, 5
Suppose 2*u - 44 = 7*u - 3*f, u - 2*f + 6 = 0. Let a(k) = -6*k - 2. List the prime factors of a(u).
2, 29
Suppose -4*v + 20 = v. Let o(d) = 2*d - 5. What are the prime factors of o(v)?
3
Let b(d) = -3*d**2 + d - 2. Let x be b(3). List the prime factors of x/(-4) + (-2)/(-4).
7
Let u = 19 + -7. Let f be ((-2)/4)/((-2)/76). Let h = f - u. What are the prime factors of h?
7
Let h be 2 - 1 - (-90)/(-6). Let t = -10 - h. List the prime factors of t.
2
Let h(f) be the third derivative of -f**5/60 + f**4/3 - 4*f**3/3 - 10*f**2. Let k(r) = r + 1. Let m be k(5). What are the prime factors of h(m)?
2
Let m be (4/(-3))/((-2)/9). Suppose -2*l = m + 4. Let d(i) = -i**3 - 3*i**2 + 7*i - 2. What are the prime factors of d(l)?
13
Let i be ((-3)/(-6))/((-2)/(-4)). Let x(n) = n + 5. Let a be x(5). Let m = a + i. List the prime factors of m.
11
Let x(d) = d**2 - 2 - 8*d**3 + 8*d**3 - 2*d**3. What are the prime factors of x(-2)?
2, 3
Let r(k) be the first derivative of -5*k**4/12 - k**2 + 2. Let b(i) be the second derivative of r(i). What are the prime factors of b(-1)?
2, 5
Suppose 0 = 3*k - 5*g - 102, 3 = g - 0. List the prime factors of k.
3, 13
Suppose -25 = -4*i - i. Suppose i*c + 0*c - 175 = 0. Suppose -y = 4*j - 7, 2*y + 3*y - c = 3*j. List the prime factors of y.
7
Let d(g) = 20*g**3 - 6 + 6 - g - 6*g**3 + 2*g**2. Suppose -3 = 4*l - 7. What are the prime factors of d(l)?
3, 5
Let a = -484 - -715. What are the prime factors of a?
3, 7, 11
Suppose -2*t + 289 = -1. What are the prime factors of t?
5, 29
Let b = 6 - -13. Let y = b - 10. Suppose -4*c = -y*c + 5*p + 55, 2*p = -3*c + 23. What are the prime factors of c?
3
Let h(k) = -k - 8*k**2 - 5*k - 2 + 0*k**2 - k**3 - 3*k. Let b be 34/(-5) - 2/10. What are the prime factors of h(b)?
2, 3
Suppose -4*b = -c - 748, -2*b - c + 401 = 27. List the prime factors of b.
11, 17
Suppose -5*l = -2*l + 5*s + 14, 3*l = s + 10. Suppose 0 = l*a - 7*a + 105. What are the prime factors of a?
3, 7
Let l = -5 - -11. Let j be 1 + -2*1 - l. Let g = j - -12. List the prime factors of g.
5
Let f be (0 + 3)/(3/34). List the prime factors of f/3 + (-1)/3.
11
Let d(u) = u**2 - 8*u + 14. List the prime factors of d(7).
7
What are the prime factors of (-3938)/(-16) + 30/(-240)?
2, 3, 41
Suppose -241 = -6*b + 707. What are the prime factors of b?
2, 79
Let x = 51 + -75. Let p = x - -37. List the prime factors of p.
13
List the prime factors of 4/(-14) + 955/35.
3
Let y be (-4)/6 + 70/6. Let g = y + 7. What are the prime factors of g?
2, 3
Let i(l) = -l**3 + l + 10. Suppose 0 = 4*o - 0*o. What are the prime factors of i(o)?
2, 5
Suppose -7 = -x - 4. Suppose -y - 5*p + 18 = 0, 3 = -y - x*p + 5*p. Suppose -t - 5*h - 11 = 0, -t - 4 = y*h - 1. List the prime factors of t.
3
Suppose 2*t + 5*m - 19 = 0, 2*t = 2*m - 6 + 4. Suppose q + t*q = 51. Suppose 3*o - q - 40 = 0. List the prime factors of o.
19
Let y(c) = 2*c**2 + 3*c + 4. Let j(w) = 4*w**2 + 5*w + 8. Let s(n) = 3*j(n) - 5*y(n). What are the prime factors of s(2)?
2, 3
Suppose w = 3*a + 116, 4*a + 95 = -w - 55. Let d be (1 - a)*(-2)/(-3). Suppose -d = -3*o + o. What are the prime factors of o?
13
Suppose 0 = 5*z - 18 - 2. What are the prime factors of z?
2
Let f(v) = v**3 + 5*v**2 - 7*v + 2. Let d(y) = -y**2 + 7*y - 10. Let m be d(7). Let l be 4/m - 28/5. What are the prime factors of f(l)?
2
Suppose 4*p - 6 = 10. Suppose -p*i = -2*i. Suppose 3*z - 4*f + 7 = 0, z + z - 4*f + 10 = i. What are the prime factors of z?
3
List the prime factors of (-10 + 11)/(2/14).
7
Suppose -5*t - b + 11 = 0, 17 + 1 = 2*t - 3*b. Let j be 5/3*(t + 0). Suppose 2*z - j = z. What are the prime factors of z?
5
Suppose 4*o = 4*f + 40, 3*o - 34 = 2*f - 9. Suppose o*z - 42 - 78 = 0. List the prime factors of z.
2, 3
List the prime factors of (-3)/6*(0 - 56).
2, 7
List the prime factors of (-244)/(-36) + (-4)/(-18).
7
What are the prime factors of ((-118)/(-5))/((-24)/(-120))?
2, 59
Suppose -35 = b - 121. List the prime factors of b.
2, 43
Let m = -6 + 9. Suppose -2*s + 0*q + 10 = 2*q, 3*s = m*q + 45. Suppose 4*t + 4*v + s = 3*t, -2*t - 3*v = -5. What are the prime factors of t?
2, 5
Let l(a) be the third derivative of -7/24*a**4 + 0*a + 0 + 2*a**2 + 1/6*a**3 - 1/60*a**5. List the prime factors of l(-3).
13
Let h be 6*1*8/24. What are the prime factors of 10*(-5)/((-25)/h)?
2
Let b be 4/(-22) - (-435)/33. Suppose 3*o + 25 = -2*o. Let h = o + b. What are the prime factors of h?
2
Let y(z) = 29*z + 14. List the prime factors of y(4).
2, 5, 13
Suppose b + 1 = -9. Let t = -8 - b. Suppose 3*k - t = 2*k. List the prime factors of k.
2
Suppose -4*g - 2*o = o - 56, -5*g - 3*o + 70 = 0. List the prime factors of g.
2, 7
Let o be 4/(-6) + (-1508)/(-39). Suppose -2*m = 3*t - 23, 3*t + m = 2*m + o. List the prime factors of t.
11
Let v be (-50)/6*(-10 + 13). Let h = v + 39. What are the prime factors of h?
2, 7
Suppose 4*a + 20 = t + 2*a, -3*t + 42 = 3*a. What are the prime factors of t?
2
Suppose 5*q = 0, -v + 5*q - 8 + 20 = 0. Suppose 2*u - v = -4*t, 3*u - 3*t = -0*t + 9. List the prime factors of u.
2
Suppose 5 = -5*k, 721 = 3*c + c + 3*k. What are the prime factors of c?
181
Let m(j) = j - 4. Let a be m(5). Suppose -5*i + 3*b - 57 = 0, -2*b = -6*i + i - 58. What are the prime factors of (-1)/(2/i*a)?
2, 3
Suppose -3*u + r + 271 = 3*r, 2*r = 5*u - 425. List the prime factors of u.
3, 29
Let s(w) = w - 13. What are the prime factors of s(16)?
3
Let z = -21 - -18. Let b(m) = -2*m**3 - 4*m**2 - 3*m - 6. What are the prime factors of b(z)?
3, 7
Suppose -4 = -4*g + 16. Suppose 4*o + 3 = -5*q, 3*o = -g*q - 0 - 6. List the prime factors of o.
3
Let l = 17 - 6. What are the prime factors of l?
11
Let w = -33 - -56. Let x = -10 + w. What are the prime factors of x?
13
What are the prime factors of 7 - -3 - (0 - (0 - 2))?
2
Let w(a) = -a**2 - 22*a - 32. List the prime factors of w(-13).
5, 17
Let s be (-7)/1*(-1 - -6). Let p be s/(-21) + 2/(-3). Suppose -j + 15 = -p. List the prime factors of j.
2
Let m be (-3)/12 + 170/8. Let d = -8 + m. Suppose -3*y = 4*t - d, 5*t - 8 = -y - 2*y. What are the prime factors of y?
11
Suppose -3*l - 2*q + 703 = -3*q, 0 = 2*l + 5*q - 480. What are the prime fact